 the prime factors of 3663288.
2, 3, 83, 613
What are the prime factors of 2548719?
3, 94397
What are the prime factors of 240859?
240859
List the prime factors of 210881.
11, 19, 1009
What are the prime factors of 864965?
5, 172993
List the prime factors of 1553526.
2, 3, 13, 2213
List the prime factors of 1458303.
3, 7, 11, 59, 107
List the prime factors of 15732256.
2, 491633
List the prime factors of 9671712.
2, 3, 100747
What are the prime factors of 202551?
3, 107, 631
What are the prime factors of 62151?
3, 20717
List the prime factors of 20792838.
2, 3, 11, 311, 1013
What are the prime factors of 749351?
749351
List the prime factors of 19738840.
2, 5, 11, 113, 397
What are the prime factors of 136665?
3, 5, 3037
What are the prime factors of 1106973?
3, 7, 5857
What are the prime factors of 11726742?
2, 3, 31, 67, 941
What are the prime factors of 6623123?
13, 79, 6449
List the prime factors of 937675.
5, 37507
List the prime factors of 654770.
2, 5, 41, 1597
What are the prime factors of 856500?
2, 3, 5, 571
What are the prime factors of 65449?
65449
What are the prime factors of 2421213?
3, 807071
List the prime factors of 3185361.
3, 353929
What are the prime factors of 5868128?
2, 7, 17, 23, 67
What are the prime factors of 991259?
53, 59, 317
List the prime factors of 92502.
2, 3, 571
What are the prime factors of 28785562?
2, 13, 83, 13339
List the prime factors of 494150.
2, 5, 9883
What are the prime factors of 130852?
2, 32713
What are the prime factors of 11677264?
2, 457, 1597
What are the prime factors of 126946?
2, 63473
What are the prime factors of 3596025?
3, 5, 47947
What are the prime factors of 716775?
3, 5, 19, 503
List the prime factors of 394589.
13, 127, 239
List the prime factors of 1615634.
2, 807817
List the prime factors of 680818.
2, 340409
What are the prime factors of 2293373?
83, 27631
What are the prime factors of 3903278?
2, 37, 52747
List the prime factors of 3681921.
3, 997, 1231
List the prime factors of 33019.
7, 53, 89
List the prime factors of 1103358.
2, 3, 307, 599
List the prime factors of 463946.
2, 7, 31, 1069
List the prime factors of 2703811.
11, 23, 10687
What are the prime factors of 6832428?
2, 3, 569369
What are the prime factors of 1764?
2, 3, 7
List the prime factors of 2822983.
73, 38671
List the prime factors of 1653846.
2, 3, 275641
List the prime factors of 7387110.
2, 3, 5, 211, 389
What are the prime factors of 295476?
2, 3, 24623
What are the prime factors of 1161822?
2, 3, 23, 8419
List the prime factors of 1393999.
1393999
List the prime factors of 5874728.
2, 107, 6863
List the prime factors of 8232579.
3, 914731
List the prime factors of 512148.
2, 3, 7, 13, 67
What are the prime factors of 5219127?
3, 193301
What are the prime factors of 17788?
2, 4447
What are the prime factors of 2079691?
59, 101, 349
What are the prime factors of 7264926?
2, 3, 403607
What are the prime factors of 7381?
11, 61
List the prime factors of 20155.
5, 29, 139
What are the prime factors of 23725?
5, 13, 73
What are the prime factors of 196613?
196613
List the prime factors of 8945129.
1459, 6131
What are the prime factors of 214566?
2, 3, 11, 3251
List the prime factors of 82706.
2, 13, 3181
List the prime factors of 2657717.
419, 6343
What are the prime factors of 709262?
2, 67, 79
What are the prime factors of 3470424?
2, 3, 23, 6287
What are the prime factors of 134771?
7, 13, 1481
List the prime factors of 4888082.
2, 1493, 1637
What are the prime factors of 2811562?
2, 13, 17, 6361
List the prime factors of 885759.
3, 7, 42179
List the prime factors of 191842.
2, 7, 71, 193
List the prime factors of 1544489.
1544489
What are the prime factors of 1287673?
67, 19219
List the prime factors of 471594.
2, 3, 53, 1483
What are the prime factors of 2525242?
2, 1262621
List the prime factors of 629620.
2, 5, 31481
List the prime factors of 278406.
2, 3, 15467
List the prime factors of 301254.
2, 3, 23, 37, 59
What are the prime factors of 2989778?
2, 11, 135899
What are the prime factors of 1462236?
2, 3, 121853
List the prime factors of 1223553.
3, 37, 73, 151
List the prime factors of 2018502.
2, 3, 112139
List the prime factors of 226140.
2, 3, 5, 3769
List the prime factors of 1611562.
2, 131, 6151
What are the prime factors of 3386400?
2, 3, 5, 17, 83
List the prime factors of 276782.
2, 11, 23, 547
What are the prime factors of 124479?
3, 13831
What are the prime factors of 3784930?
2, 5, 378493
What are the prime factors of 974605?
5, 19, 10259
What are the prime factors of 1701254?
2, 41, 20747
List the prime factors of 240012.
2, 3, 59, 113
List the prime factors of 7227387.
3, 89227
What are the prime factors of 480799?
11, 109, 401
What are the prime factors of 1124951?
1124951
List the prime factors of 22178395.
5, 59, 75181
List the prime factors of 437846.
2, 218923
What are the prime factors of 754469?
23, 32803
What are the prime factors of 491449?
7, 70207
What are the prime factors of 40403531?
7, 43, 269, 499
What are the prime factors of 1246263?
3, 71, 5851
List the prime factors of 5861306.
2, 11, 29, 9187
List the prime factors of 848359.
848359
List the prime factors of 30736685.
5, 7, 878191
What are the prime factors of 96302?
2, 179, 269
List the prime factors of 15805.
5, 29, 109
List the prime factors of 10818426.
2, 3, 17, 367
List the prime factors of 1715559.
3, 571853
List the prime factors of 7840305.
3, 5, 11, 47, 337
What are the prime factors of 8454568?
2, 31, 73, 467
List the prime factors of 564226.
2, 13, 21701
List the prime factors of 1076393.
29, 37117
What are the prime factors of 417469?
13, 17, 1889
List the prime factors of 7872891.
3, 13, 29, 6961
List the prime factors of 27903900.
2, 3, 5, 47, 1979
What are the prime factors of 481008?
2, 3, 11, 911
List the prime factors of 4211294.
2, 47, 71, 631
What are the prime factors of 2428401?
3, 173, 4679
What are the prime factors of 112276?
2, 28069
List the prime factors of 6345334.
2, 3172667
What are the prime factors of 3277314?
2, 3, 137, 443
List the prime factors of 8456674.
2, 61, 69317
What are the prime factors of 3066919?
17, 223, 809
What are the prime factors of 320423?
71, 4513
What are the prime factors of 1028699?
7, 223, 659
List the prime factors of 17871.
3, 7, 23, 37
List the prime factors of 1075463.
1075463
What are the prime factors of 1389595?
5, 277919
List the prime factors of 1075530.
2, 3, 5, 35851
What are the prime factors of 3153467?
3153467
List the prime factors of 40308228.
2, 3, 1119673
List the prime factors of 29630913.
3, 13, 43, 17669
What are the prime factors of 429357?
3, 167, 857
List the prime factors of 8855646.
2, 3, 31, 47, 1013
What are the prime factors of 1470832?
2, 11, 61, 137
What are the prime factors of 209057?
19, 11003
What are the prime factors of 22649077?
11, 139, 14813
What are the prime factors of 451873?
451873
What are the prime factors of 8611839?
3, 106319
List the prime factors of 999555.
3, 5, 37, 1801
List the prime factors of 14479250.
2, 5, 57917
What are the prime factors of 100439?
47, 2137
What are the prime factors of 2847580?
2, 5, 173, 823
List the prime factors of 13749601.
13749601
List the prime factors of 3629294.
2, 31, 58537
What are the prime factors of 1392094?
2, 11, 63277
What are the prime factors of 23613682?
2, 151, 78191
List the prime factors of 21122.
2, 59, 179
What are the prime factors of 749188?
2, 11, 17027
List the prime factors of 817746.
2, 3, 73, 1867
What are the prime factors of 8501431?
8501431
List the prime factors of 766336.
2, 5987
List the prime factors of 1464785.
5, 7, 41851
What are the prime factors of 3810842?
2, 7, 272203
What are the prime factors of 37588?
2, 9397
What are the prime factors of 249490?
2, 5, 61, 409
What are the prime factors of 20300258?
2, 11, 922739
List the prime factors of 269985.
3, 5, 41, 439
What are the prime factors of 332720?
2, 5, 4159
What are the prime factors of 1313138?
2, 79, 8311
What are the prime factors of 18385110?
2, 3, 5, 149, 457
List the prime factors of 234035.
5, 46807
List the prime factors of 1635751.
13, 9679
List the prime factors of 2679562.
2, 1339781
List the prime factors of 637344.
2, 3, 2213
What are the prime factors of 2422